m) = 7*m + 217. Does 49 divide y(11)?
True
Is 2*(3108/27 + 2/(-18)) a multiple of 8?
False
Suppose 5*w - 4*t - 2 = 11, 0 = -5*w - 2*t + 1. Suppose n - 11 = w. Is 12 a factor of n?
True
Suppose -4*w - 22 + 7 = 5*p, -p = 3. Suppose 5*y - 18 - 7 = w. Suppose 32 = y*s - 3. Is 2 a factor of s?
False
Let n = -1135 + 2409. Is 21 a factor of n?
False
Suppose -12 = -2*f - 0. Let v be -3*(-1)/(9/f). Suppose 0 = 2*z + 5*r - 36, -5*z - 3*r + 44 = -v*r. Is z a multiple of 4?
True
Let n be -3 + 2/2*-2. Let m(x) = 3*x + 7. Let z be m(n). Let p(l) = -3*l. Does 8 divide p(z)?
True
Let x = 779 - 599. Is x a multiple of 30?
True
Let r be (5 - 2) + 1 + 0. Suppose 2*z = r*v + v + 88, -196 = -4*z + 5*v. Does 9 divide z?
True
Suppose -4*d - 49 - 263 = 0. Let w = 13 - d. Is w a multiple of 13?
True
Suppose 5*r + 441 = -3*j + 1654, -2*j + 5*r + 767 = 0. Does 12 divide j?
True
Suppose -2*b - 216 = -4*b. Suppose -5*n - 171 - 9 = -5*f, 3*n = -3*f + b. Suppose -2*k = 2*k - f. Is 3 a factor of k?
True
Let c(q) = -127*q + 9 + 7*q**2 + 127*q. Is c(-3) a multiple of 6?
True
Let a be 261*(-1)/(-1) + -9 + 10. Let c = -88 + a. Does 34 divide c?
False
Let o(c) = 8 + 7*c + 0 + c**2 + 6*c - 11*c. Let q(y) = -2*y + 4. Let u be q(7). Does 35 divide o(u)?
False
Let n = -71 + 111. Let h = 77 - n. Does 8 divide h?
False
Suppose -r + 4 = -3*r, 3*l + 4*r = 2833. Does 42 divide l?
False
Let k = -10 + 13. Suppose -1 = -s - 2*c, -16 = -5*s + k*c + 15. Is 276/10 - (-2)/s a multiple of 14?
True
Suppose 4*t - 543 = 5*n, -3*t + t = 3*n - 277. Does 3 divide t?
False
Suppose -5*f + 1907 = u, 5*f - f - 1543 = 5*u. Is 16 a factor of f?
False
Let w(o) = 2*o + 28. Suppose -9*d + 6*d = 0. Does 14 divide w(d)?
True
Let t be 3/(-15) + 481/5. Suppose 0 = -4*j - 0*j + t. Is 3 a factor of j?
True
Suppose -2*o + 66 + 104 = 0. Let z = o + -40. Does 5 divide z?
True
Suppose -z + 72 = -4*z. Let k be z/(-108) + 88/9. Let t(x) = x**2 - 5*x - 23. Does 27 divide t(k)?
True
Let l be 36/3 + -2 + -1. Let s(f) = -f**3 + 10*f**2 - 4*f - 11. Let o be s(l). Suppose -3*h = 13 - o. Is h a multiple of 7?
True
Suppose 425 = 3*i - 5*j, -615 = -4*i + j - 4*j. Is i a multiple of 6?
True
Let w(x) = 4*x**2 - 2. Let o be w(-1). Let n(q) = -q**2 - 2*q - 5 - 6*q + 2*q**o + 0*q. Is 20 a factor of n(-5)?
True
Suppose 11237 = 138*t - 121*t. Does 10 divide t?
False
Let y(v) = -2*v - 6. Let i be y(-6). Suppose -4*k + 3*d = -14, -k + 4*d - 33 = -i*k. Suppose -162 = -5*l + 2*u, -2*u = -k*u + 12. Does 17 divide l?
True
Let j be -3 - (-1 - -46 - 4). Let n be (-1)/(-4 + j/(-12)). Suppose -n*g + 89 = u, 3*u + 3*g = -135 + 420. Does 20 divide u?
False
Let u(f) = 44*f**3 + 2*f**2 - f. Let w(d) = -d**3 + 12*d**2 - 10*d - 4. Let p be w(11). Let o = 8 - p. Is 9 a factor of u(o)?
True
Suppose -4*m = 4, -2*m - 324 = -2*i - 4*m. Suppose 4*f = -2 + 6, 0 = q + f - 257. Let a = q - i. Is 25 a factor of a?
False
Suppose -3*q = -30 + 12. Suppose -q*g = -3*g - 378. Is 26 a factor of g?
False
Let z be (-12)/54 + 2264/(-18). Is (-1)/(-3)*(1 - 3)*z a multiple of 29?
False
Let s = 14 + -15. Let f be (-1)/s - 0 - -1. Suppose -d = -0*h + f*h - 84, -88 = -2*h + d. Is 14 a factor of h?
False
Is 523 + 2 + 4 + -4 a multiple of 75?
True
Let f(x) = x**3 - 10 + 1 - 5 + 8*x**2 - 5*x. Let q be f(-8). Suppose 7*b - q - 37 = 0. Is b a multiple of 3?
True
Suppose -4*i + 1886 = 8*m - 3*m, -2*m = i - 755. Is 18 a factor of m?
True
Let o(p) = -p**2 - 50*p - 87. Is 54 a factor of o(-39)?
False
Suppose -2*y + 3*i = 2*i - 470, 6*i - 720 = -3*y. Does 100 divide y?
False
Suppose 0*d + 2*d + 5*g = -146, 2*d = 2*g - 118. Let k = d - -88. Suppose o + 4*o - k = 0. Is o even?
False
Let l(g) = -g**3 - 6*g**2 + 20*g + 11. Is 6 a factor of l(-9)?
False
Let w(l) = -2*l**3 - 44*l**2 + 8*l + 14. Does 14 divide w(-23)?
False
Suppose 4*y = -y + 2*g - 4, -g = y - 2. Suppose -r - z + 25 = y, 2*r - 59 = z - 0*z. Does 14 divide 2*r - -3 - -3?
False
Let b(j) = j**3 + 3*j**2 - j + 6. Let g be b(-4). Does 16 divide (g/(-2) - 11)*(-24)/2?
True
Suppose -25 = -5*p, 2*p + p = -3*m + 453. Is m a multiple of 9?
False
Let z(r) = 513*r**2 - 2*r - 2. Let u be z(-1). Suppose -2*a + 5*a - u = 0. Does 9 divide a?
True
Let m(o) = o**3 - 22*o**2 + 28*o - 60. Does 29 divide m(21)?
True
Let c(z) = -z**2 - 6*z + 2. Let d be c(-6). Suppose -3*p - d*b = -9, 5*p + 5*b - 14 = 2*b. Is 27 a factor of (2 - (-1)/p) + 58?
False
Let c(k) = k**3 + 9*k**2 - 4*k - 13. Let d be ((0 + 2)*3)/(32/(-48)). Is 17 a factor of c(d)?
False
Suppose 1002*o - 7072 = 998*o. Is o a multiple of 17?
True
Let v(t) = t**2 + 10*t - 14. Let u be v(-14). Let d = 16 - u. Is 1 - d*3/6 a multiple of 3?
False
Suppose 4*q + m - 4494 = 550, -2*q = -3*m - 2508. Is 15 a factor of q?
True
Suppose 4*x - 3*x + 4*z = 100, -z - 261 = -3*x. Suppose -34*o = -36*o + x. Does 22 divide o?
True
Let k(f) = f + 220. Does 44 divide k(0)?
True
Suppose -2*z = 52 - 0. Suppose -2*m + 80 = -38. Let a = z + m. Is 7 a factor of a?
False
Suppose -11 = 3*v + x, 2*v - 6*v - x = 14. Let s(l) = -15*l - 16. Is 4 a factor of s(v)?
False
Let m be -3 - -3 - (-1 - 33). Suppose 4*o + 0*o + 2*p = 112, p + m = o. Does 4 divide o?
False
Let b(c) = -c + 4. Let i be b(5). Let z = 5 + i. Let w = 22 - z. Does 6 divide w?
True
Suppose -5*k = t - 10274, 0 = -6*k + 7*k + 4*t - 2070. Is 26 a factor of k?
True
Let f be ((-5)/(-1) - 4) + 54. Let v = f - 50. Is v a multiple of 5?
True
Let o = 1048 + -811. Is 8 a factor of o?
False
Let u = -4 - -4. Suppose -l + 22 + 27 = u. Does 16 divide l?
False
Let l(h) = 97*h - 148*h - 20*h**2 - 7 - h**3 + 86*h. Is 18 a factor of l(-22)?
False
Does 23 divide (133/3)/(8/24)?
False
Suppose -2*c = -4*i + 814, 6*i - 403 = 4*i + 5*c. Is 67 a factor of i?
False
Suppose 2*w - w - 19 = 0. Let t = 14 - w. Let n(d) = -d**3 - 3*d**2 + 7*d - 2. Does 6 divide n(t)?
False
Is 28/(7 + (-152)/22) a multiple of 5?
False
Let a = 89 + -84. Suppose -m - 2*m - 567 = -3*q, 4*q = -a*m + 756. Is 12 a factor of q?
False
Let f(b) = b**2 - 7 + 0*b + 3*b + 9*b. Let s be f(-13). Suppose s*l - 37 = 5*l. Is l a multiple of 8?
False
Let j(i) = -5*i - 10. Let v(q) be the second derivative of q**3/2 + 5*q**2/2 + 5*q. Let t(u) = -4*j(u) - 7*v(u). Is 12 a factor of t(-7)?
True
Let c = 16 + -13. Suppose 3*u + 849 = 5*n + 356, 0 = c*n - 2*u - 295. Does 29 divide n?
False
Suppose -y + 2*k = 0, 3*y - 6 = 2*k + k. Suppose -y*h = 5*h - 1008. Is h a multiple of 14?
True
Let h(j) be the second derivative of j**6/120 + j**5/12 + j**4/8 + j**3/2 + 2*j**2 + 5*j. Let r(s) be the first derivative of h(s). Is 7 a factor of r(-4)?
True
Let f = -760 + 1102. Is f a multiple of 21?
False
Suppose -4*q = -4*c - 248, -c + 0*c + 52 = q. Suppose 4*h - 7 = q. Let p = h + 0. Is p a multiple of 4?
True
Let n be (-14)/(-3)*(-9)/(-6). Let p = n + -10. Let i = 19 + p. Is i a multiple of 8?
True
Suppose 2*q + 15 = 7*q. Does 10 divide (-54)/12*((-14)/q - 2)?
True
Suppose 2*k - 6 + 0 = 0. Let i be 464/4 + (2 - k). Let b = 162 - i. Does 14 divide b?
False
Let w be (-1)/(-7) + (-1)/((-28)/276). Is 11 a factor of (-2)/(-4) - (-2 - 1065/w)?
False
Let h = 1290 - 1244. Is 23 a factor of h?
True
Let i = 132 + -120. Is 5 a factor of i?
False
Suppose 2*c - 2 = c. Suppose -4*z + 5*j = 2*j - 165, 0 = -z - c*j + 55. Is 11 a factor of z?
False
Let x(g) be the first derivative of -g**4/4 - 8*g**3/3 - 4*g**2 + 8*g + 11. Suppose 5*r = 0, -35 = t + 4*t + 3*r. Is x(t) a multiple of 4?
False
Let s(r) = 0 + 0*r + 1 - 4*r. Let q be s(-1). Let x(g) = -g**3 + 5*g**2 + 4*g - 2. Does 6 divide x(q)?
True
Suppose 0 = -10*l - 2 + 42. Suppose 3*o + 9 + 148 = l*h, 2*h - 2*o - 78 = 0. Is 6 a factor of h?
False
Let t(m) = m. Let w(p) = -p**2 + 12*p + 3. Let g(j) = -3*t(j) - w(j). Let d be g(15). Is d/12 + (-242)/(-8) a multiple of 10?
True
Let r = -543 - -831. Does 24 divide r?
True
Let p(c) = 9*c. Let f be p(8). Is 34 a factor of f*(65/15 + -3)?
False
Let d(s) = -80*s - 3. Let v(p) = -p + 2. Let f be v(3). Is d(f) a multiple of 12?
False
Suppose -36 = -7*j + 3*j. Let r be 0/5*-1 + 3. Suppose r*t - j = 0, h - 4*t + 9*t = 37. Is 22 a factor of h?
True
Let m(q) = -q**3 - 12*q**2 + 27*q + 106. Is m(-14) a multiple of 7?
False
Let c(m) be the third derivative of 2*m**5/15 - m**3/6 - 2*m**2. Suppose -12 = -10*v - 2. Is c(v) a multiple of 3?
False
Let b(t) = 4*t**2 + 2*t